{"id":25,"date":"2025-06-25T19:22:51","date_gmt":"2025-06-25T17:22:51","guid":{"rendered":"https:\/\/mechthildwiesner.de\/MW\/?page_id=25"},"modified":"2025-07-06T16:43:04","modified_gmt":"2025-07-06T14:43:04","slug":"leistungen","status":"publish","type":"page","link":"https:\/\/mechthildwiesner.de\/MW\/leistungen\/","title":{"rendered":"Leistungen"},"content":{"rendered":"\n<p class=\"has-small-font-size\">Kinder bringen eine nat\u00fcrliche Neugierde f\u00fcr Schrift und Sprache mit. Leider schm\u00e4lert der Leseerwerb, der in den ersten beiden Schuljahren stattfindet, bei vielen diese Freude. Nicht nur, dass sie feststellen m\u00fcssen, wie m\u00fchselig der Vorgang ist, viele empfinden kein Lesevergn\u00fcgen. Frustration breitet sich aus.<\/p>\n\n\n\n<p class=\"has-small-font-size\">Wie k\u00f6nnen wir also unsere Kinder zum Lesen bewegen, besonders auch au\u00dferhalb des Unterrichts? Hier k\u00f6nnen Comics eine wichtige Funktion erf\u00fcllen. Durch ihren niedrigschwelligen Einstieg und ihren textentlastenden Ansatz f\u00fchren sie zu schnellen Leseerfolgen und bem\u00e4chtigt Kinder stark in ihrem Leseerwerb. Comics bieten aber auch weitere Vorteile, die vielen Lehrkr\u00e4ften und Fachkr\u00e4ften der Lesef\u00f6rderung nicht bewusst sind. Da Kinder \u00fcber keine Leseerfahrung verf\u00fcgen, trauen sie sich nicht an ganze B\u00fccher heran. Die Angst, ein Buch nicht bew\u00e4ltigen zu k\u00f6nnen, f\u00fchrt zu Vermeidungsstrategien, die durch die vielen multimedialen Angebote leichter zu Erfolg f\u00fchren.<br>Mein Angebot umfasst daher die Lehrkr\u00e4fte wie auch die Kinder.<\/p>\n\n\n\n<div class=\"wp-block-columns alignwide is-layout-flex wp-container-core-columns-is-layout-d2da2050 wp-block-columns-is-layout-flex\" style=\"margin-bottom:0\">\n<div class=\"wp-block-column has-text-color has-background has-link-color wp-elements-20d487ffd57a6303eb0e6ad629f7ff95 is-layout-flow wp-block-column-is-layout-flow\" style=\"color:#000000;background-color:#ffe97d;padding-top:2em;padding-right:2em;padding-bottom:2em;padding-left:2em\">\n<h1 class=\"wp-block-heading has-text-align-left\" id=\"single\" style=\"font-size:clamp(1.648rem, 1.648rem + ((1vw - 0.2rem) * 2.095), 2.8rem);\"><strong>Comic-Seminar<\/strong><\/h1>\n\n\n\n<p class=\"has-small-font-size\" style=\"line-height:1.5\"><strong>F\u00fcr Lehrkr\u00e4fte und Fachkr\u00e4fte der Lesef\u00f6rderung<\/strong><\/p>\n\n\n\n<hr class=\"wp-block-separator has-text-color has-css-opacity has-background is-style-wide\" style=\"background-color:#000000;color:#000000\"\/>\n\n\n\n<p class=\"has-small-font-size\">Fachseminar, in dem \u00fcber die Funktion von Comics im Lese- und Spracherwerb gesprochen wird. Anwendungsgebiete im Unterricht, auch mit Unterst\u00fctzung digitaler Medien, werden besprochen. Verlage mit anspruchsvoller Kindercomics werden pr\u00e4sentiert. An einem umfangreichen B\u00fcchertisch werden aktuelle und f\u00fcr Leseeinsteiger:innen und \u00e4ltere Kinder relevante Titel pr\u00e4sentiert. Der Inhalt passt sich an die Gruppe an und geht von der Vorschule bis zur weiterf\u00fchrenden Schule.<\/p>\n\n\n\n<ul class=\"wp-block-list has-normal-font-size\">\n<li><strong>Dauer:<\/strong> 90 Minuten<\/li>\n\n\n\n<li><strong>TN-Zahl:<\/strong> nach Absprache<\/li>\n\n\n\n<li><strong>Ben\u00f6tigtest Setting:<\/strong> Tagungsraum mit Beamer\/Whiteboard ggf. Mikrofonanlage<\/li>\n<\/ul>\n\n\n\n<div class=\"wp-block-buttons alignfull is-horizontal is-content-justification-center is-layout-flex wp-container-core-buttons-is-layout-03627597 wp-block-buttons-is-layout-flex\">\n<div class=\"wp-block-button has-custom-width wp-block-button__width-100 is-style-fill\"><a class=\"wp-block-button__link has-white-color has-text-color has-background no-border-radius wp-element-button\" href=\"https:\/\/mechthildwiesner.de\/MW\/kontakt\/\" style=\"background-color:#000000\">ab 350 \u20ac \/ plus Reisekosten<\/a><\/div>\n<\/div>\n<\/div>\n\n\n\n<div class=\"wp-block-column has-text-color has-background has-link-color wp-elements-0660822268ec84f8fdb164edbd9558a8 is-layout-flow wp-block-column-is-layout-flow\" style=\"color:#000000;background-color:#d1d1e1;padding-top:2em;padding-right:2em;padding-bottom:2em;padding-left:2em\">\n<h2 class=\"wp-block-heading\" id=\"family\" style=\"font-size:clamp(1.648rem, 1.648rem + ((1vw - 0.2rem) * 2.095), 2.8rem);\"><strong>Comic-Lesung<\/strong><\/h2>\n\n\n\n<p class=\"has-small-font-size\" style=\"line-height:1.5\"><strong>F\u00fcr Sch\u00fclerinnen und Sch\u00fcler<\/strong><\/p>\n\n\n\n<hr class=\"wp-block-separator has-css-opacity is-style-wide\"\/>\n\n\n\n<p class=\"has-small-font-size\">\u00dcber einen Beamer lese ich Comics vor, die in einzelnen Panels aufgearbeitet sind. Die Kinder m\u00fcssen aktiv die visuelle Ebene der Panels lesen, w\u00e4hrend ich den Text vortrage. Die Konzentrations- und Transferleistung, die die Kinder erbringen m\u00fcssen ist hoch, gleichzeitig macht es ihnen sehr viel Freude. F\u00fcr Schulklassen kann dies mit einer Lerneinheit \u201eWas sind Comics? \u00dcber das sequenzielle Erz\u00e4hlen\u201c verbunden werden.<\/p>\n\n\n\n<ul class=\"wp-block-list has-normal-font-size\">\n<li><strong>Dauer:<\/strong> 45 Minuten<\/li>\n\n\n\n<li><strong>TN-Zahl:<\/strong> nach Absprache<\/li>\n\n\n\n<li><strong>Ben\u00f6tigtest Setting:<\/strong> Raum mit Beamer\/Whiteboard ggf. Mikrofonanlage<\/li>\n<\/ul>\n\n\n\n<div class=\"wp-block-buttons alignfull is-horizontal is-content-justification-center is-layout-flex wp-container-core-buttons-is-layout-03627597 wp-block-buttons-is-layout-flex\">\n<div class=\"wp-block-button has-custom-width wp-block-button__width-100 is-style-fill\"><a class=\"wp-block-button__link has-white-color has-text-color has-background no-border-radius wp-element-button\" href=\"https:\/\/mechthildwiesner.de\/MW\/kontakt\/\" style=\"background-color:#000000\">ab 175 \u20ac \/plus<br> Reisekosten<\/a><\/div>\n<\/div>\n<\/div>\n\n\n\n<div class=\"wp-block-column has-text-color has-background has-link-color wp-elements-350e7b09af83e9564647269aa0a5efaf is-layout-flow wp-block-column-is-layout-flow\" style=\"color:#000000;background-color:#c0ebf1;padding-top:2em;padding-right:2em;padding-bottom:2em;padding-left:2em\">\n<h2 class=\"wp-block-heading\" id=\"patron\" style=\"font-size:clamp(1.648rem, 1.648rem + ((1vw - 0.2rem) * 2.095), 2.8rem);\"><strong>Comic-Workshops<\/strong><\/h2>\n\n\n\n<p class=\"has-small-font-size\"><strong>F\u00fcr Kinder<\/strong><\/p>\n\n\n\n<hr class=\"wp-block-separator has-css-opacity is-style-wide\"\/>\n\n\n\n<p class=\"has-small-font-size\"><strong>Zeichen-Workshop:<\/strong><br>Kinder als Zeichner:innen, die ihren eigenen Charakter schaffen und in verschiedenen Emotionen darstellen. Zu einem Thema wird mit der Figur ein 4-Panel-Comic gezeichnet.<\/p>\n\n\n\n<p class=\"has-small-font-size\"><strong>Lese-Workshop:<\/strong><br>In Kleingruppen erarbeiten die Kinder den Text eines kurzen Comics und sprechen ihn ein. Sie erhalten im Nachgang ihre Aufnahme als Video-File. Alternativ tragen sie den erarbeiteten Text vor der Gruppe vor.<\/p>\n\n\n\n<ul class=\"wp-block-list has-normal-font-size\">\n<li><strong>Dauer:<\/strong> ab 60 Minuten<\/li>\n\n\n\n<li><strong>TN-Zahl:<\/strong> nach Absprache<\/li>\n\n\n\n<li><strong>Ben\u00f6tigtes Setting:<\/strong> nach Absprache und Inhalt<\/li>\n<\/ul>\n\n\n\n<div class=\"wp-block-buttons alignfull is-horizontal is-content-justification-center is-layout-flex wp-container-core-buttons-is-layout-03627597 wp-block-buttons-is-layout-flex\">\n<div class=\"wp-block-button has-custom-width wp-block-button__width-100\"><a class=\"wp-block-button__link has-white-color has-text-color has-background no-border-radius wp-element-button\" href=\"https:\/\/mechthildwiesner.de\/MW\/kontakt\/\" style=\"background-color:#000000\">ab 250 \u20ac \/ plus Reisekosten<\/a><\/div>\n<\/div>\n<\/div>\n<\/div>\n","protected":false},"excerpt":{"rendered":"<p>Kinder bringen eine nat\u00fcrliche Neugierde f\u00fcr Schrift und Sprache mit. Leider schm\u00e4lert der Leseerwerb, der in den ersten beiden Schuljahren stattfindet, bei vielen diese Freude. Nicht nur, dass sie feststellen m\u00fcssen, wie m\u00fchselig der Vorgang ist, viele empfinden kein Lesevergn\u00fcgen. Frustration breitet sich aus. Wie k\u00f6nnen wir also unsere Kinder zum Lesen bewegen, besonders auch [&hellip;]<\/p>\n","protected":false},"author":1,"featured_media":0,"parent":0,"menu_order":0,"comment_status":"closed","ping_status":"closed","template":"","meta":{"footnotes":""},"class_list":["post-25","page","type-page","status-publish","hentry"],"_links":{"self":[{"href":"https:\/\/mechthildwiesner.de\/MW\/wp-json\/wp\/v2\/pages\/25","targetHints":{"allow":["GET"]}}],"collection":[{"href":"https:\/\/mechthildwiesner.de\/MW\/wp-json\/wp\/v2\/pages"}],"about":[{"href":"https:\/\/mechthildwiesner.de\/MW\/wp-json\/wp\/v2\/types\/page"}],"author":[{"embeddable":true,"href":"https:\/\/mechthildwiesner.de\/MW\/wp-json\/wp\/v2\/users\/1"}],"replies":[{"embeddable":true,"href":"https:\/\/mechthildwiesner.de\/MW\/wp-json\/wp\/v2\/comments?post=25"}],"version-history":[{"count":8,"href":"https:\/\/mechthildwiesner.de\/MW\/wp-json\/wp\/v2\/pages\/25\/revisions"}],"predecessor-version":[{"id":95,"href":"https:\/\/mechthildwiesner.de\/MW\/wp-json\/wp\/v2\/pages\/25\/revisions\/95"}],"wp:attachment":[{"href":"https:\/\/mechthildwiesner.de\/MW\/wp-json\/wp\/v2\/media?parent=25"}],"curies":[{"name":"wp","href":"https:\/\/api.w.org\/{rel}","templated":true}]}}

<p class="has-small-font-size">Kinder bringen eine natürliche Neugierde für Schrift und Sprache mit. Leider schmälert der Leseerwerb, der in den ersten beiden Schuljahren stattfindet, bei vielen diese Freude. Nicht nur, dass sie feststellen müssen, wie mühselig der Vorgang ist, viele empfinden kein Lesevergnügen. Frustration breitet sich aus.</p>



<p class="has-small-font-size">Wie können wir also unsere Kinder zum Lesen bewegen, besonders auch außerhalb des Unterrichts? Hier können Comics eine wichtige Funktion erfüllen. Durch ihren niedrigschwelligen Einstieg und ihren textentlastenden Ansatz führen sie zu schnellen Leseerfolgen und bemächtigt Kinder stark in ihrem Leseerwerb. Comics bieten aber auch weitere Vorteile, die vielen Lehrkräften und Fachkräften der Leseförderung nicht bewusst sind. Da Kinder über keine Leseerfahrung verfügen, trauen sie sich nicht an ganze Bücher heran. Die Angst, ein Buch nicht bewältigen zu können, führt zu Vermeidungsstrategien, die durch die vielen multimedialen Angebote leichter zu Erfolg führen.<br>Mein Angebot umfasst daher die Lehrkräfte wie auch die Kinder.</p>



<div class="wp-block-columns alignwide is-layout-flex wp-container-core-columns-is-layout-d2da2050 wp-block-columns-is-layout-flex" style="margin-bottom:0">
<div class="wp-block-column has-text-color has-background has-link-color wp-elements-20d487ffd57a6303eb0e6ad629f7ff95 is-layout-flow wp-block-column-is-layout-flow" style="color:#000000;background-color:#ffe97d;padding-top:2em;padding-right:2em;padding-bottom:2em;padding-left:2em">
<h1 class="wp-block-heading has-text-align-left" id="single" style="font-size:clamp(1.648rem, 1.648rem + ((1vw - 0.2rem) * 2.095), 2.8rem);"><strong>Comic-Seminar</strong></h1>



<p class="has-small-font-size" style="line-height:1.5"><strong>Für Lehrkräfte und Fachkräfte der Leseförderung</strong></p>



<hr class="wp-block-separator has-text-color has-css-opacity has-background is-style-wide" style="background-color:#000000;color:#000000"/>



<p class="has-small-font-size">Fachseminar, in dem über die Funktion von Comics im Lese- und Spracherwerb gesprochen wird. Anwendungsgebiete im Unterricht, auch mit Unterstützung digitaler Medien, werden besprochen. Verlage mit anspruchsvoller Kindercomics werden präsentiert. An einem umfangreichen Büchertisch werden aktuelle und für Leseeinsteiger:innen und ältere Kinder relevante Titel präsentiert. Der Inhalt passt sich an die Gruppe an und geht von der Vorschule bis zur weiterführenden Schule.</p>



<ul class="wp-block-list has-normal-font-size">
<li><strong>Dauer:</strong> 90 Minuten</li>



<li><strong>TN-Zahl:</strong> nach Absprache</li>



<li><strong>Benötigtest Setting:</strong> Tagungsraum mit Beamer/Whiteboard ggf. Mikrofonanlage</li>
</ul>



<div class="wp-block-buttons alignfull is-horizontal is-content-justification-center is-layout-flex wp-container-core-buttons-is-layout-03627597 wp-block-buttons-is-layout-flex">
<div class="wp-block-button has-custom-width wp-block-button__width-100 is-style-fill"><a class="wp-block-button__link has-white-color has-text-color has-background no-border-radius wp-element-button" href="https://mechthildwiesner.de/MW/kontakt/" style="background-color:#000000">ab 350 € / plus Reisekosten</a></div>
</div>
</div>



<div class="wp-block-column has-text-color has-background has-link-color wp-elements-0660822268ec84f8fdb164edbd9558a8 is-layout-flow wp-block-column-is-layout-flow" style="color:#000000;background-color:#d1d1e1;padding-top:2em;padding-right:2em;padding-bottom:2em;padding-left:2em">
<h2 class="wp-block-heading" id="family" style="font-size:clamp(1.648rem, 1.648rem + ((1vw - 0.2rem) * 2.095), 2.8rem);"><strong>Comic-Lesung</strong></h2>



<p class="has-small-font-size" style="line-height:1.5"><strong>Für Schülerinnen und Schüler</strong></p>



<hr class="wp-block-separator has-css-opacity is-style-wide"/>



<p class="has-small-font-size">Über einen Beamer lese ich Comics vor, die in einzelnen Panels aufgearbeitet sind. Die Kinder müssen aktiv die visuelle Ebene der Panels lesen, während ich den Text vortrage. Die Konzentrations- und Transferleistung, die die Kinder erbringen müssen ist hoch, gleichzeitig macht es ihnen sehr viel Freude. Für Schulklassen kann dies mit einer Lerneinheit „Was sind Comics? Über das sequenzielle Erzählen“ verbunden werden.</p>



<ul class="wp-block-list has-normal-font-size">
<li><strong>Dauer:</strong> 45 Minuten</li>



<li><strong>TN-Zahl:</strong> nach Absprache</li>



<li><strong>Benötigtest Setting:</strong> Raum mit Beamer/Whiteboard ggf. Mikrofonanlage</li>
</ul>



<div class="wp-block-buttons alignfull is-horizontal is-content-justification-center is-layout-flex wp-container-core-buttons-is-layout-03627597 wp-block-buttons-is-layout-flex">
<div class="wp-block-button has-custom-width wp-block-button__width-100 is-style-fill"><a class="wp-block-button__link has-white-color has-text-color has-background no-border-radius wp-element-button" href="https://mechthildwiesner.de/MW/kontakt/" style="background-color:#000000">ab 175 € /plus<br> Reisekosten</a></div>
</div>
</div>



<div class="wp-block-column has-text-color has-background has-link-color wp-elements-350e7b09af83e9564647269aa0a5efaf is-layout-flow wp-block-column-is-layout-flow" style="color:#000000;background-color:#c0ebf1;padding-top:2em;padding-right:2em;padding-bottom:2em;padding-left:2em">
<h2 class="wp-block-heading" id="patron" style="font-size:clamp(1.648rem, 1.648rem + ((1vw - 0.2rem) * 2.095), 2.8rem);"><strong>Comic-Workshops</strong></h2>



<p class="has-small-font-size"><strong>Für Kinder</strong></p>



<hr class="wp-block-separator has-css-opacity is-style-wide"/>



<p class="has-small-font-size"><strong>Zeichen-Workshop:</strong><br>Kinder als Zeichner:innen, die ihren eigenen Charakter schaffen und in verschiedenen Emotionen darstellen. Zu einem Thema wird mit der Figur ein 4-Panel-Comic gezeichnet.</p>



<p class="has-small-font-size"><strong>Lese-Workshop:</strong><br>In Kleingruppen erarbeiten die Kinder den Text eines kurzen Comics und sprechen ihn ein. Sie erhalten im Nachgang ihre Aufnahme als Video-File. Alternativ tragen sie den erarbeiteten Text vor der Gruppe vor.</p>



<ul class="wp-block-list has-normal-font-size">
<li><strong>Dauer:</strong> ab 60 Minuten</li>



<li><strong>TN-Zahl:</strong> nach Absprache</li>



<li><strong>Benötigtes Setting:</strong> nach Absprache und Inhalt</li>
</ul>



<div class="wp-block-buttons alignfull is-horizontal is-content-justification-center is-layout-flex wp-container-core-buttons-is-layout-03627597 wp-block-buttons-is-layout-flex">
<div class="wp-block-button has-custom-width wp-block-button__width-100"><a class="wp-block-button__link has-white-color has-text-color has-background no-border-radius wp-element-button" href="https://mechthildwiesner.de/MW/kontakt/" style="background-color:#000000">ab 250 € / plus Reisekosten</a></div>
</div>
</div>
</div>

<p>Kinder bringen eine natürliche Neugierde für Schrift und Sprache mit. Leider schmälert der Leseerwerb, der in den ersten beiden Schuljahren stattfindet, bei vielen diese Freude. Nicht nur, dass sie feststellen müssen, wie mühselig der Vorgang ist, viele empfinden kein Lesevergnügen. Frustration breitet sich aus. Wie können wir also unsere Kinder zum Lesen bewegen, besonders auch [&hellip;]</p>
